r when 2 + (-5)/((-25)/1317) + (-2)/5 is divided by o.
40
Suppose -2655 = -15*q - 13*q - 17*q. Calculate the remainder when 67 is divided by q.
8
Suppose 2*j - 5 = j. Suppose -z + 3*z - 142 = -3*s, -j*s + 237 = 3*z. Calculate the remainder when 239 is divided by s.
47
Let v(d) = -d**2 + 17*d - 51. Let j be v(7). Let i = j + 5. What is the remainder when 68 is divided by i?
20
What is the remainder when 5749 is divided by 1001110/(-836)*(2/20)/((-8)/96)?
1
Suppose -1844 = -4*z + i, 0 = -6*z + 4*z + 4*i + 908. What is the remainder when z is divided by 157?
148
Let d(j) = -34*j**2 + 209*j + 13. What is the remainder when 2491 is divided by d(6)?
40
Let r(b) = -b - 6 + 15*b - 6*b. Let y be r(2). Calculate the remainder when 328/y + 10/50 is divided by 9.
6
Let v(w) = -5*w - 33. Let b be v(-7). Suppose -2*x + n - b*n = -34, 0 = -2*n. What is the remainder when x is divided by 10 + 1 + (-1 - 1)?
8
Let a(g) be the first derivative of 2*g**3/3 - 9*g**2/2 - 16*g + 156. Let t(n) = n + 14. What is the remainder when t(-6) is divided by a(6)?
0
Let x be (-17)/51 + 16/3. Suppose 211 = x*v + 4*s, -188 + 14 = -4*v + 2*s. Calculate the remainder when v is divided by 23.
20
Let b(y) = 2*y - 43. Let k be b(23). Suppose -3*o - 13 = -3*x + 71, -5*x + k*o + 136 = 0. Calculate the remainder when 60 is divided by x.
8
Let j = 41 - 30. Suppose j = -u + 2*o - 5, 0 = -5*u - o - 124. What is the remainder when (-32)/(-3) + u/(-18) is divided by 3?
0
Let p = 13150 - 11945. What is the remainder when p is divided by 22?
17
Let j = 565 + -430. Calculate the remainder when j is divided by 61.
13
Suppose -5*b = -4*z - 419, -292 = 4*z - b + 131. Let u be (z - -9)*(-3 + 2). Suppose -u + 363 = 7*c. What is the remainder when c is divided by 21?
17
Let s(f) = -11*f - 16. Let r be (-12 - -14)/((-2)/5). What is the remainder when s(r) is divided by (-6)/(-15)*7*5?
11
What is the remainder when (49/(-98))/(1/(-206)) is divided by 74?
29
Let l be 30*(4/(-10) - -1). Suppose -l*f = -4*t - 14*f + 28, -2*f = 2*t + 2. Let b(w) = -w**3 + 3*w**2 - w - 1. What is the remainder when t is divided by b(2)?
0
Let j = 634 + -483. Calculate the remainder when 1367 is divided by j.
8
What is the remainder when 4/(-20) + (-301)/(-5) is divided by (-2)/3*240/(5 + -15)?
12
Let s(k) = 19*k**2 - k + 2. Calculate the remainder when 310 is divided by s(-4).
0
Suppose -61*g + 7314 + 1287 = 0. What is the remainder when 2674 is divided by g?
136
Suppose 5*s - 86 = -o, -230*o + 229*o - 2*s = -80. What is the remainder when 1358 is divided by o?
66
Let u = 37 - -95. Suppose -3*q = 2*c, 3*c = -3*q + 8*q. Suppose q*j + u = 4*j. Calculate the remainder when j is divided by 18.
15
Let f = -6813 + 7345. Calculate the remainder when f is divided by 41.
40
Let f(v) = 4*v**2 - 48*v - 1782. What is the remainder when f(34) is divided by 291?
46
Let x(b) = 5*b**3 - 3*b**2 + 76*b - 167. Calculate the remainder when 22528 is divided by x(2).
12
Let i = 2866 + -2187. Calculate the remainder when i is divided by 216.
31
Suppose -2*y = -3*g - 29, 5*y = 5*g - 876 + 946. What is the remainder when 1570 is divided by y?
10
Suppose 3*n = -12*h + 11*h - 745, -5*h = 4*n + 986. Let s = 305 + n. Calculate the remainder when 198 is divided by s.
30
Suppose -8*p + 12273 + 12207 = 0. Suppose 33*l = 18*l + p. Calculate the remainder when l is divided by 26.
22
Let o = 5573 - 5558. What is the remainder when 94 is divided by o?
4
Let o = -3824 - -3872. Calculate the remainder when 860 is divided by o.
44
Let d(p) = -p**3 + 4*p**2 + 14*p - 2. Let g be d(6). Suppose 4*j + 3 = j, -2*j - g = -2*r. Calculate the remainder when -2 - 1*(-1 - r) is divided by 3.
0
Let v(q) = -3*q**3 + 42*q**2 + 30*q - 26. Calculate the remainder when v(14) is divided by 44.
42
Suppose 0 = -4*j - 4*u + 60700, 9*j + 5*u = 9*j. What is the remainder when j is divided by 14?
13
Let v = -18 + 41. Suppose 255 + 143 = 58*n - 472. Calculate the remainder when v is divided by n.
8
Suppose 943 = -407*i + 430*i. What is the remainder when i is divided by 8?
1
Suppose 10098 = 5*q + 3*x + 313, -1957 = -q - 4*x. What is the remainder when q is divided by 40?
37
Let v be 5*-3*1694/(-105). Let o = -211 + v. Calculate the remainder when 335 is divided by o.
25
Let k = -6635 + 6642. Calculate the remainder when 101 is divided by k.
3
Suppose t = -3*i + 359, -i = i - 3*t - 243. Let p = i + -116. Suppose h + 69 = p*b, -h + 39 = 4*b - 20. Calculate the remainder when 126 is divided by b.
14
Let t be ((-4)/3)/(2/3) + -10. What is the remainder when 862 is divided by 73 + (-17 - t - (-4)/1)?
70
Let u(r) = 30*r - 40*r + 116 - 43*r + 162 - 79. What is the remainder when u(3) is divided by 9?
4
Suppose 711 = 3*t - 0*j + j, 3*t = -3*j + 705. Suppose -8*n + 210 = -t. Suppose 0 = 34*d - 25*d - 261. Calculate the remainder when n is divided by d.
27
Calculate the remainder when 202 is divided by (-55961)/(-321) - (-2)/(-6).
28
Suppose 2*y + k + 97 = -0*y, y - 3*k + 52 = 0. Let r = 2 - y. What is the remainder when r is divided by 13?
12
Suppose u = -4*u + 50. Suppose -s = -4*g + 12, 3*s + 16 - 4 = 0. Suppose -15 = g*h - 31. Calculate the remainder when u is divided by h.
2
Let o = 10003 + -9191. Calculate the remainder when o is divided by 41.
33
Suppose -36*z = 4*c - 42*z - 10606, -5*c = -4*z - 13247. What is the remainder when c is divided by 3?
1
Suppose 8 = 3*b - 1. Let q = -35820 - -35905. What is the remainder when q is divided by 11/(b/18*3)?
19
Let w(t) = 111*t - 643. What is the remainder when 219 is divided by w(6)?
12
Suppose 0 = -731*s + 748*s - 527. Calculate the remainder when 673 is divided by s.
22
Suppose -47*c + 18*c - 809 + 1969 = 0. Calculate the remainder when 2/(-10) - (-2782)/10 is divided by c.
38
Let h be 6/24 + -787*(-1)/4. Suppose -17*y = -466 - h. What is the remainder when y is divided by 4?
3
Suppose -2*f - f + 33 = 0. Let l = -436 - -438. Suppose f - l = m. What is the remainder when 42 is divided by m?
6
Let z = 71 - 62. Calculate the remainder when (170/3)/(13/((-546)/(-28))) is divided by z.
4
Suppose 56*a - 6615 = -2191. Calculate the remainder when 184 is divided by a.
26
Let t = -11 + 14. Suppose 3*n = -5*f - 745 - 1056, 5*f - t*n = -1819. Calculate the remainder when 18/(-81) + f/(-9) is divided by 21.
19
Suppose 0 = -4*n + 2*n + 46. Let l(h) = 3*h + 291. What is the remainder when l(-44) is divided by n?
21
Let m = -2811 + 2877. Calculate the remainder when 718 is divided by m.
58
Suppose 20*u = 3*u + 85. Suppose 3*y = -u*d + 7*y + 772, 3*d = 2*y + 462. Calculate the remainder when d is divided by 51.
50
Suppose 2*o - 2*j + 2 = 0, -2 + 3 = 3*o - 2*j. Suppose 0 = 5*d + 10, -o*d = -4*v + 191 - 5. Calculate the remainder when 100 is divided by v.
10
Let w(r) = -95*r**3 + r**2 - 1. Let f be 2*(-9 - 135/(-6)). Suppose -32 = -5*n - 2*t, -2*n + f*t - 23*t = -32. What is the remainder when w(-1) is divided by n?
7
Let c(v) = 4*v + 42. Let s be c(-9). Suppose 3*g = s*g - 84. Suppose -21 = -r - 5*x + 69, 2*r + 2*x = 212. Calculate the remainder when r is divided by g.
26
Let x = -139 + 136. Let i(l) = 10*l**2 + 15*l + 1. Calculate the remainder when 82 is divided by i(x).
36
Suppose 201*n + 13734 - 33414 = 37*n. Calculate the remainder when 487 is divided by n.
7
Let m(j) = j**2 + 40*j + 12. Calculate the remainder when 8113/63 - ((-33)/27 + 1) is divided by m(-40).
9
What is the remainder when (-9018)/(-4) + (132/24 - 6) is divided by 61?
58
Let x = 491 - 487. Let f = -64 - -109. What is the remainder when f is divided by x?
1
Suppose 107*p = 53622 + 8866. Calculate the remainder when 1173 is divided by p.
5
Let q = -137 - -140. Suppose v + 3*o = -324, -3*v - v + q*o - 1251 = 0. Calculate the remainder when (-6 + v)*1/(-3) is divided by 36.
35
Let g(z) = -z**3 - 10*z**2 - 7*z - 13. Let j be g(-8). Let o = 103 + j. Calculate the remainder when 42 is divided by o.
6
Let x = -23731 + 23772. Calculate the remainder when (50/6)/((-1)/(-24)) is divided by x.
36
Suppose 3*a - 29 = -26, -3*t + 4*a = -308. What is the remainder when 311 is divided by t?
103
Suppose -3*f = 4*i - 1326, 3*f - 5*i - 884 = f. Suppose 5*y + f = 467. What is the remainder when 89 is divided by y?
4
Let x(q) = q - 11. Suppose 3*s - 24 - 45 = 0. What is the remainder when (-56 + 65)/(2 - 